ulate the remainder when 785 is divided by 199.
188
Calculate the remainder when 7173 is divided by 64.
5
What is the remainder when 5725 is divided by 23?
21
What is the remainder when 481 is divided by 85?
56
What is the remainder when 915 is divided by 92?
87
What is the remainder when 17939 is divided by 260?
259
Calculate the remainder when 880 is divided by 266.
82
What is the remainder when 866 is divided by 13?
8
Calculate the remainder when 55 is divided by 17.
4
Calculate the remainder when 3218 is divided by 1598.
22
Calculate the remainder when 60 is divided by 31.
29
What is the remainder when 543 is divided by 92?
83
What is the remainder when 130 is divided by 27?
22
Calculate the remainder when 20402 is divided by 35.
32
Calculate the remainder when 8765 is divided by 63.
8
What is the remainder when 496 is divided by 28?
20
What is the remainder when 2807 is divided by 18?
17
What is the remainder when 102 is divided by 23?
10
What is the remainder when 166 is divided by 24?
22
Calculate the remainder when 280 is divided by 37.
21
Calculate the remainder when 74 is divided by 25.
24
Calculate the remainder when 1359 is divided by 85.
84
What is the remainder when 727 is divided by 28?
27
Calculate the remainder when 284 is divided by 7.
4
What is the remainder when 307 is divided by 31?
28
Calculate the remainder when 1626 is divided by 17.
11
Calculate the remainder when 2647 is divided by 156.
151
Calculate the remainder when 85 is divided by 29.
27
Calculate the remainder when 1719 is divided by 40.
39
Calculate the remainder when 343 is divided by 59.
48
What is the remainder when 143 is divided by 21?
17
Calculate the remainder when 155 is divided by 80.
75
What is the remainder when 28485 is divided by 259?
254
Calculate the remainder when 76 is divided by 48.
28
What is the remainder when 2440 is divided by 41?
21
What is the remainder when 2496 is divided by 58?
2
Calculate the remainder when 12345 is divided by 233.
229
What is the remainder when 1955 is divided by 8?
3
Calculate the remainder when 278 is divided by 56.
54
What is the remainder when 281 is divided by 22?
17
Calculate the remainder when 502 is divided by 64.
54
Calculate the remainder when 13700 is divided by 17.
15
What is the remainder when 656 is divided by 30?
26
Calculate the remainder when 156 is divided by 103.
53
Calculate the remainder when 178 is divided by 90.
88
Calculate the remainder when 208 is divided by 46.
24
What is the remainder when 97 is divided by 78?
19
Calculate the remainder when 633 is divided by 206.
15
What is the remainder when 4419 is divided by 20?
19
Calculate the remainder when 119 is divided by 54.
11
Calculate the remainder when 429 is divided by 27.
24
Calculate the remainder when 144 is divided by 42.
18
Calculate the remainder when 131 is divided by 40.
11
What is the remainder when 4327 is divided by 617?
8
Calculate the remainder when 682 is divided by 76.
74
Calculate the remainder when 1641 is divided by 31.
29
Calculate the remainder when 554 is divided by 38.
22
Calculate the remainder when 3470 is divided by 268.
254
Calculate the remainder when 111 is divided by 44.
23
Calculate the remainder when 562 is divided by 261.
40
Calculate the remainder when 623 is divided by 15.
8
Calculate the remainder when 41 is divided by 11.
8
What is the remainder when 20879 is divided by 72?
71
Calculate the remainder when 321 is divided by 52.
9
Calculate the remainder when 153 is divided by 20.
13
Calculate the remainder when 143 is divided by 70.
3
Calculate the remainder when 967 is divided by 9.
4
What is the remainder when 36 is divided by 32?
4
What is the remainder when 4705 is divided by 181?
180
What is the remainder when 4955 is divided by 28?
27
What is the remainder when 336 is divided by 86?
78
What is the remainder when 1641 is divided by 61?
55
Calculate the remainder when 1534 is divided by 21.
1
What is the remainder when 116 is divided by 22?
6
Calculate the remainder when 947 is divided by 60.
47
Calculate the remainder when 255 is divided by 49.
10
What is the remainder when 36 is divided by 21?
15
What is the remainder when 114 is divided by 47?
20
What is the remainder when 213 is divided by 9?
6
What is the remainder when 636 is divided by 9?
6
Calculate the remainder when 368 is divided by 31.
27
What is the remainder when 7124 is divided by 22?
18
Calculate the remainder when 1235 is divided by 324.
263
What is the remainder when 554 is divided by 149?
107
What is the remainder when 898 is divided by 41?
37
What is the remainder when 721 is divided by 62?
39
Calculate the remainder when 48 is divided by 18.
12
What is the remainder when 423 is divided by 6?
3
What is the remainder when 53 is divided by 30?
23
Calculate the remainder when 163 is divided by 45.
28
Calculate the remainder when 95 is divided by 54.
41
Calculate the remainder when 82 is divided by 19.
6
What is the remainder when 1162 is divided by 232?
2
Calculate the remainder when 289 is divided by 92.
13
What is the remainder when 95 is divided by 24?
23
Calculate the remainder when 283 is divided by 71.
70
Calculate the remainder when 300 is divided by 108.
84
What is the remainder when 4963 is divided by 6?
1
What is the remainder when 4210 is divided by 43?
39
Calculate the remainder when 44 is divided by 23.
21
What is the remainder when 938 is divided by 29?
10
Calculate the remainder when 24 is divided by 10.
4
What is the remainder when 317 is divided by 64?
61
Calculate the remainder when 1 is divided by 1.
0
What is the remainder when 1272 is divided by 18?
12
What is the remainder when 13500 is divided by 7?
4
What is the remainder when 3869 is divided by 966?
5
Calculate the remainder when 497 is divided by 23.
14
What is the remainder when 450 is divided by 116?
102
What is the remainder when 7827 is divided by 19?
18
What is the remainder when 10686 is divided by 64?
62
Calculate the remainder when 2330 is divided by 166.
6
Calculate the remainder when 112 is divided by 31.
19
What is the remainder when 356 is divided by 258?
98
What is the remainder when 480 is divided by 47?
10
Calculate the remainder when 473 is divided by 38.
17
Calculate the remainder when 240 is divided by 234.
6
What is the remainder when 444 is divided by 86?
14
Calculate the remainder when 320 is divided by 27.
23
What is the remainder when 930 is divided by 95?
75
Calculate the remainder when 359 is divided by 36.
35
What is the remainder when 2138 is divided by 152?
10
What is the remainder when 755 is divided by 84?
83
Calculate the remainder when 463 is divided by 46.
3
Calculate the remainder when 158 is divided by 42.
32
Calculate the remainder when 753 is divided by 69.
63
What is the remainder when 270 is divided by 21?
18
Calculate the remainder when 859 is divided by 41.
39
What is the remainder when 1479 is divided by 3?
0
What is the remainder when 175 is divided by 49?
28
Calculate the remainder when 17 is divided by 12.
5
Calculate the remainder when 26 is divided by 4.
2
What is the remainder when 1330 is divided by 32?
18
Calculate the remainder when 284 is divided by 90.
14
What is the remainder when 595 is divided by 20?
15
Calculate the remainder when 336 is divided by 104.
24
What is the remainder when 28 is divided by 18?
10
What is the remainder when 707 is divided by 5?
2
What is the remainder when 7913 is divided by 176?
169
What is the remainder when 4038 is divided by 213?
204
What is the remainder when 472 is divided by 79?
77
What is the remainder when 918 is divided by 102?
0
What is the remainder when 972 is divided by 80?
12
What is the remainder when 65 is divided by 7?
2
Calculate the remainder when 166 is divided by 34.
30
What is the remainder when 1090 is divided by 12?
10
Calculate the remainder when 2932 is divided by 5.
2
Calculate the remainder when 3894 is divided by 1293.
15
Calculate the remainder when 1881 is divided by 46.
41
What is the remainder when 672 is divided by 68?
60
Calculate the remainder when 73 is divided by 20.
13
What is the remainder when 1236 is divided by 59?
56
Calculate the remainder when 213 is divided by 7.
3
Calculate the remainder when 668 is divided by 96.
92
Calculat